 5) to base 4
-121100
-774 (base 13) to base 3
-1202100
e61 (base 16) to base 2
111001100001
Convert 11083 (base 15) to base 12.
273a3
-1a1 (base 13) to base 12
-210
What is -1111110 (base 2) in base 9?
-150
Convert -11101100111 (base 2) to base 10.
-1895
-5170 (base 11) to base 6
-51421
Convert 14102 (base 5) to base 16.
480
What is -110111101100 (base 2) in base 8?
-6754
-1022110 (base 3) to base 6
-4233
-3212 (base 4) to base 5
-1410
What is -2102310 (base 4) in base 3?
-110220000
-210312 (base 4) to base 6
-14530
Convert 4e9 (base 15) to base 9.
1473
-512 (base 8) to base 16
-14a
What is -10263 (base 7) in base 8?
-4760
What is 95 (base 12) in base 11?
a3
-100000101000 (base 2) to base 6
-13400
What is 4333 (base 7) in base 4?
120013
Convert -3486 (base 9) to base 12.
-15b9
Convert -6c85 (base 16) to base 9.
-42087
What is -24590 (base 11) in base 10?
-35310
What is -12267 (base 9) in base 3?
-102022021
Convert a889 (base 12) to base 16.
4869
What is 101001101000 (base 2) in base 11?
2002
Convert 9a95 (base 15) to base 4.
13333331
Convert -14012 (base 9) to base 3.
-111000102
What is -11222322 (base 4) in base 7?
-124500
What is 27a (base 13) in base 8?
667
Convert -5091 (base 14) to base 11.
-a449
1275 (base 9) to base 11
7a2
Convert -815 (base 14) to base 8.
-3063
What is 4888 (base 12) in base 4?
1333220
-14013 (base 5) to base 14
-5ad
17301 (base 8) to base 15
24ed
What is -1d72 (base 16) in base 8?
-16562
Convert -6220 (base 12) to base 8.
-24670
Convert 1110431 (base 5) to base 12.
b343
What is -10003 (base 6) in base 3?
-1210010
What is aa (base 12) in base 11?
109
What is -1000524 (base 6) in base 4?
-23130010
-61a (base 11) to base 9
-1020
What is -3349 (base 11) in base 14?
-186d
Convert 8348 (base 12) to base 9.
21562
1403 (base 5) to base 14
124
Convert -3629 (base 15) to base 2.
-10110011111010
31342 (base 5) to base 10
2097
What is 100222 (base 3) in base 16?
10d
Convert -52601 (base 10) to base 4.
-30311321
1b3a (base 15) to base 12
3501
What is -602 (base 7) in base 15?
-14b
What is e (base 16) in base 13?
11
Convert 124312 (base 5) to base 2.
1001101011101
What is -3f64 (base 16) in base 3?
-211021001
Convert 10011000101 (base 2) to base 5.
14341
554 (base 10) to base 6
2322
What is -1022022 (base 3) in base 2?
-1110111001
What is 4249 (base 16) in base 13?
7954
33032 (base 5) to base 14
b7d
What is -11010111010 (base 2) in base 4?
-122322
What is -2511 (base 10) in base 2?
-100111001111
What is -10f6 (base 16) in base 15?
-1447
-41323 (base 6) to base 9
-7516
Convert -32322 (base 7) to base 6.
-101140
Convert -2651 (base 7) to base 9.
-1348
Convert 11013 (base 4) to base 7.
645
Convert -3ef (base 16) to base 13.
-5c6
What is 592 (base 11) in base 12?
4aa
2d8 (base 15) to base 13
3b3
72 (base 8) to base 10
58
-414 (base 10) to base 3
-120100
What is -13201 (base 7) in base 6?
-24201
35531 (base 9) to base 14
8933
1855 (base 11) to base 12
1447
What is 1940 (base 15) in base 13?
2640
-33072 (base 9) to base 6
-245315
What is -5036 (base 15) in base 4?
-10020132
What is -113334 (base 6) in base 4?
-2121322
Convert -675 (base 10) to base 5.
-10200
110320 (base 4) to base 3
1211111
What is 10010000000 (base 2) in base 5?
14102
-45413 (base 7) to base 8
-26405
7573 (base 12) to base 11
9770
What is -7b37 (base 13) in base 12?
-a004
Convert 466 (base 7) to base 16.
f4
Convert 1735 (base 15) to base 13.
2378
Convert 5068 (base 12) to base 16.
2210
1001100011011 (base 2) to base 11
3747
What is -224103 (base 5) in base 7?
-32256
-6505 (base 8) to base 6
-23421
Convert 31051 (base 6) to base 12.
2487
4c (base 14) to base 13
53
Convert -1182b (base 13) to base 10.
-32147
Convert 12120 (base 4) to base 9.
503
Convert 570 (base 9) to base 13.
2a0
What is 101111010100 (base 2) in base 14?
1164
a357 (base 14) to base 13
ca3c
Convert 163 (base 8) to base 4.
1303
Convert -551101 (base 6) to base 15.
-d7ad
Convert 672 (base 15) to base 12.
a15
3403 (base 6) to base 7
2214
Convert -4437 (base 10) to base 4.
-1011111
-542251 (base 6) to base 12
-21987
-113312 (base 5) to base 16
-106f
21260 (base 7) to base 15
1875
Convert 10001001 (base 2) to base 3.
12002
What is 1a9 (base 14) in base 9?
423
What is 13047 (base 10) in base 16?
32f7
Convert 1630 (base 11) to base 9.
2772
What is 1035 (base 6) in base 16?
ef
What is -19b (base 15) in base 11?
-308
Convert 22001 (base 3) to base 14.
117
Convert 6641 (base 14) to base 10.
17697
-10221 (base 4) to base 7
-603
Convert -613 (base 11) to base 5.
-10430
Convert b31 (base 13) to base 15.
869
3518 (base 15) to base 13
5192
What is -210222101 (base 3) in base 5?
-1003041
What is a57b (base 12) in base 8?
43257
What is b96 (base 15) in base 14?
d4c
-1111011 (base 2) to base 10
-123
What is -999 (base 10) in base 13?
-5bb
What is -27526 (base 10) in base 7?
-143152
What is -197b (base 14) in base 16?
-1209
Convert 6ca (base 16) to base 14.
8c2
Convert -11010222 (base 3) to base 6.
-21555
5b60 (base 12) to base 6
115400
Convert -1a3 (base 15) to base 2.
-101111010
436a (base 12) to base 16
1d02
What is -6107 (base 12) in base 11?
-79a3
419b (base 13) to base 7
35326
-1480 (base 10) to base 16
-5c8
Convert 11011110110 (base 2) to base 10.
1782
What is 243 (base 13) in base 16?
189
Convert -504 (base 6) to base 11.
-158
-11223 (base 4) to base 8
-553
Convert -c4a (base 16) to base 12.
-19a2
What is -550 (base 16) in base 4?
-111100
Convert 3031 (base 4) to base 9.
247
What is -1107 (base 8) in base 7?
-1462
1102120 (base 5) to base 9
28100
What is -124403 (base 5) in base 8?
-11562
Convert -3617 (base 8) to base 14.
-9c3
-1010101101111110 (base 2) to base 13
-16ca1
What is -677c (base 14) in base 9?
-26550
What is -6a5 (base 12) in base 4?
-33131
-467 (base 9) to base 10
-385
Convert -236 (base 14) to base 4.
-12320
Convert -319 (base 14) to base 5.
-4421
Convert -10011111001 (base 2) to base 7.
-3466
What is 1010011101100 (base 2) in base 9?
7311
What is 3415 (base 7) in base 4?
103111
What is 3a06 (base 11) in base 9?
7127
-210611 (base 7) to base 5
-2130232
What is 11651 (base 9) in base 4?
1322032
Convert 43b (base 13) to base 16.
2d6
What is 2217 (base 9) in base 4?
121210
5444 (base 8) to base 13
13b5
What is 6727 (base 8) in base 7?
13221
Convert 303044 (base 5) to base 12.
57a6
4721 (base 8) to base 15
b28
Convert 267 (base 14) to base 13.
2b2
-68020 (base 9) to base 6
-545200
What is 9b11 (base 13) in base 9?
32621
Convert -55301 (base 6) to base 9.
-11461
4715 (base 15) to base 11
10383
Convert 106767 (base 8) to base 3.
1211212001
111102001 (base 3) to base 6
113131
Convert 12055 (base 6) to base 11.
1363
584 (base 13) to base 15
438
1101010010 (base 2) to base 16
352
Convert 21e (base 16) to base 14.
2aa
Convert 1211102 (base 4) to base 13.
2c48
Convert 356 (base 9) to base 3.
101220
What is 958 (base 10) in base 4?
32332
What is 3113 (base 5) in base 10?
408
Convert 2d (base 15) to base 6.
111
414012 (base 5) to base 4
3111000
-13056 (base 11) to base 3
-221122102
Convert -52663 (base 7) to base 13.
-5c14
Convert -102210010 (base 3) to base 16.
-218d
Convert 10066 (base 7) to base 12.
1501
Convert 1113 (base 8) to base 15.
292
11001001101 (base 2) to base 7
4463
303 (base 13) to base 3
200220
What is -1c5 (base 13) in base 5?
-2310
-14150 (base 7) to base 12
-2295
-30709 (base 13) to base 10
-86875
-50416 (base 9) to base 3
-1200110120
-14235 (base 7) to base 10
-3897
Convert -11466 (base 7) to base 15.
-d43
Convert -1042 (base 5) to base 2.
-10010011
What is 10100101001 (base 2) in base 6?
10041
-890 (base 10) to base 12
-622
-52c (base 14) to base 4
-33330
What is -110213 (base 4) in base 7?
-3563
2005 (base 9) to base 10
1463
Convert 4111 (base 10) to base 6.
31011
Convert c82 (base 16) to base 7.
12223
What is 4573 (base 9) in base 13?
1707
1001110010010 (base 2) to base 8
11622
436 (base 10) to base 16
1b4
Convert 1402 (base 5) to base 7.
443
Convert -1122202 (base 4) to base 3.
-21221121
460 (base 15) to base 6
4330
Convert -1203330 (base 4) to base 9.
-8686
-2120101 (base 3) to base 10
-1873
What is 28607 (base 9) in base 16?
4bf7
What is 10110110001 (base 2) in base 15?
672
Convert -3140 (base 15) to base 11.
-7904
What is -5734 (base 9) in base 5?
-113433
Convert 2021 (base 13) t